{"id":1601,"date":"2021-11-10T11:13:05","date_gmt":"2021-11-10T10:13:05","guid":{"rendered":"https:\/\/www.ifz-salzburg.at\/veranstaltung\/buch-zum-fruehstueck-flucht-und-migration\/"},"modified":"2022-02-28T09:20:03","modified_gmt":"2022-02-28T08:20:03","slug":"buch-zum-fruehstueck-flucht-und-migration","status":"publish","type":"cpt_events","link":"https:\/\/www.ifz-salzburg.at\/en\/veranstaltung\/buch-zum-fruehstueck-flucht-und-migration\/","title":{"rendered":"Buch zum Fr\u00fchst\u00fcck &#8211; Flucht und Migration"},"content":{"rendered":"<p>Im aktuellen ifz-Essay \u201e<strong><a href=\"https:\/\/www.ifz-salzburg.at\/wp-content\/uploads\/2022\/01\/ifz_Essay_Migration-und-Flucht_Mit-Empathie-und-Vernunft-zur-Loesung-einer-Menschheitsaufgabe_Januar-2022.pdf\" target=\"_blank\" rel=\"noopener\">Migration und Flucht: Mit Empathie und Vernunft zur L\u00f6sung einer Menschheitsaufgab<\/a><a href=\"https:\/\/www.ifz-salzburg.at\/wp-content\/uploads\/2022\/01\/ifz_Essay_Migration-und-Flucht_Mit-Empathie-und-Vernunft-zur-Loesung-einer-Menschheitsaufgabe_Januar-2022.pdf\" target=\"_blank\" rel=\"noopener\">e<\/a><\/strong>\u201c fragen wir nach den M\u00f6glichkeiten, Flucht- und Migrationsbewegungen besser zu lenken, ohne Grenzen v\u00f6llig ungesch\u00fctzt zu lassen.<\/p>\n<p><!--more--><\/p>\n<p>Migration und Flucht sind Themen, die aus der medialen und politischen Diskussionslandschaft nicht mehr wegzudenken sind. Nachrichten zu illegalen Grenz\u00fcbertritten stehen solchen von tausenden Ertrunkenen im Mittelmeer gegen\u00fcber. Die Politik setzt zunehmend auf Abschreckung. Doch was bedeutet dies f\u00fcr jene Menschen, die sich auf den Weg nach Europa machen \u2013 sei es, weil sie verfolgt werden, Kriegen ausgeliefert sind oder keine wirtschaftlichen Perspektiven sehen? Und welche M\u00f6glichkeiten gebe es, Flucht- und Migrationsbewegungen besser zu lenken, ohne Grenzen v\u00f6llig ungesch\u00fctzt zu lassen?<\/p>\n<p>Das Essay \u201eMigration und Flucht: Mit Empathie und Vernunft zur L\u00f6sung einer Menschheitsaufgabe\u201c stellt drei B\u00fccher vor, die sich mit diesen Fragen aus unterschiedlichen Perspektiven auseinandersetzen. Ziel des Essays ist nicht, ein F\u00fcr und Wider von Migration, ein Pro und Contra zur Aufnahme von Fl\u00fcchtlingen zu machen. Vielmehr werden die Stimmen jener zu Geh\u00f6r gebracht, die Flucht und Migration selbst erlebt haben, und konstruktive L\u00f6sungsvorschl\u00e4ge aus der Literatur diskutiert.<\/p>\n<p>Bei einem gem\u00fctlichen Fr\u00fchst\u00fcck mit Kaffee und Croissants laden wir Sie ein, mit uns und untereinander ins Gespr\u00e4ch zu kommen.<\/p>\n<p>Das Essay bespricht folgende B\u00fccher:<\/p>\n<ul>\n<li>Gerald Knaus: <a href=\"https:\/\/www.piper.de\/buecher\/welche-grenzen-brauchen-wir-isbn-978-3-492-05988-6\" target=\"_blank\" rel=\"noopener\">Welche Grenzen brauchen wir? Zwischen Empathie und Angst \u2013 Flucht, Migration und die Zukunft von Asyl.<\/a> Piper Verlag, M\u00fcnchen 2020<\/li>\n<li>Sunjic, Melita H: <a href=\"https:\/\/www.picus.at\/produkt\/die-von-europa-traeumen\/\" target=\"_blank\" rel=\"noopener\">Die von Europa tr\u00e4umen. Wie Flucht und Migration ablaufen.<\/a> Picus Verlag, Wien 2021<\/li>\n<li>Jad Turjman: <a href=\"https:\/\/www.residenzverlag.com\/buch\/wenn-der-jasmin-auswandert?_translation=de\" target=\"_blank\" rel=\"noopener\">Wenn der Jasmin auswandert<\/a>. Residenz Verlag, Salzburg 2018<\/li>\n<\/ul>\n<p class=\"western\"><span lang=\"de-DE\">Die Lekt\u00fcre des Essays ist keine Voraussetzung &#8211; jedoch sinnvoll f\u00fcr das anschlie\u00dfende Gespr\u00e4ch. Sollte diese Pr\u00e4senzveranstaltung Ende M\u00e4rz 2022 aufgrund der Corona-Pandemie nicht m\u00f6glich sein, informieren wir Sie selbstverst\u00e4ndlich rechtzeitig \u00fcber alle \u00c4nderungen<br \/>\n<\/span><\/p>\n<p>Wir bitten um Ihre Anmeldung, entweder per Mail (<a href=\"mailto:office@ifz-salzburg.at\">office@ifz-salzburg.at<\/a>) oder per Telefon: 0680\/5012166. Die Teilnehmer*innenzahl ist beschr\u00e4nkt.<\/p>\n<p>Wir freuen uns auf einen inspirierenden Austausch.<\/p>\n","protected":false},"excerpt":{"rendered":"<p>Im aktuellen ifz-Essay \u201eMigration und Flucht: Mit Empathie und Vernunft zur L\u00f6sung einer Menschheitsaufgabe\u201c fragen wir nach den M\u00f6glichkeiten, Flucht- und Migrationsbewegungen besser zu lenken, ohne Grenzen v\u00f6llig ungesch\u00fctzt zu lassen.<\/p>\n","protected":false},"featured_media":1498,"menu_order":0,"template":"","class_list":["post-1601","cpt_events","type-cpt_events","status-publish","has-post-thumbnail","hentry"],"acf":[],"_links":{"self":[{"href":"https:\/\/www.ifz-salzburg.at\/en\/wp-json\/wp\/v2\/cpt_events\/1601","targetHints":{"allow":["GET"]}}],"collection":[{"href":"https:\/\/www.ifz-salzburg.at\/en\/wp-json\/wp\/v2\/cpt_events"}],"about":[{"href":"https:\/\/www.ifz-salzburg.at\/en\/wp-json\/wp\/v2\/types\/cpt_events"}],"wp:featuredmedia":[{"embeddable":true,"href":"https:\/\/www.ifz-salzburg.at\/en\/wp-json\/wp\/v2\/media\/1498"}],"wp:attachment":[{"href":"https:\/\/www.ifz-salzburg.at\/en\/wp-json\/wp\/v2\/media?parent=1601"}],"curies":[{"name":"wp","href":"https:\/\/api.w.org\/{rel}","templated":true}]}}

Buch zum Frühstück &#8211; Flucht und Migration

<p>Im aktuellen ifz-Essay „<strong><a href="https://www.ifz-salzburg.at/wp-content/uploads/2022/01/ifz_Essay_Migration-und-Flucht_Mit-Empathie-und-Vernunft-zur-Loesung-einer-Menschheitsaufgabe_Januar-2022.pdf" target="_blank" rel="noopener">Migration und Flucht: Mit Empathie und Vernunft zur Lösung einer Menschheitsaufgab</a><a href="https://www.ifz-salzburg.at/wp-content/uploads/2022/01/ifz_Essay_Migration-und-Flucht_Mit-Empathie-und-Vernunft-zur-Loesung-einer-Menschheitsaufgabe_Januar-2022.pdf" target="_blank" rel="noopener">e</a></strong>“ fragen wir nach den Möglichkeiten, Flucht- und Migrationsbewegungen besser zu lenken, ohne Grenzen völlig ungeschützt zu lassen.</p>
<p><!--more--></p>
<p>Migration und Flucht sind Themen, die aus der medialen und politischen Diskussionslandschaft nicht mehr wegzudenken sind. Nachrichten zu illegalen Grenzübertritten stehen solchen von tausenden Ertrunkenen im Mittelmeer gegenüber. Die Politik setzt zunehmend auf Abschreckung. Doch was bedeutet dies für jene Menschen, die sich auf den Weg nach Europa machen – sei es, weil sie verfolgt werden, Kriegen ausgeliefert sind oder keine wirtschaftlichen Perspektiven sehen? Und welche Möglichkeiten gebe es, Flucht- und Migrationsbewegungen besser zu lenken, ohne Grenzen völlig ungeschützt zu lassen?</p>
<p>Das Essay „Migration und Flucht: Mit Empathie und Vernunft zur Lösung einer Menschheitsaufgabe“ stellt drei Bücher vor, die sich mit diesen Fragen aus unterschiedlichen Perspektiven auseinandersetzen. Ziel des Essays ist nicht, ein Für und Wider von Migration, ein Pro und Contra zur Aufnahme von Flüchtlingen zu machen. Vielmehr werden die Stimmen jener zu Gehör gebracht, die Flucht und Migration selbst erlebt haben, und konstruktive Lösungsvorschläge aus der Literatur diskutiert.</p>
<p>Bei einem gemütlichen Frühstück mit Kaffee und Croissants laden wir Sie ein, mit uns und untereinander ins Gespräch zu kommen.</p>
<p>Das Essay bespricht folgende Bücher:</p>
<ul>
<li>Gerald Knaus: <a href="https://www.piper.de/buecher/welche-grenzen-brauchen-wir-isbn-978-3-492-05988-6" target="_blank" rel="noopener">Welche Grenzen brauchen wir? Zwischen Empathie und Angst – Flucht, Migration und die Zukunft von Asyl.</a> Piper Verlag, München 2020</li>
<li>Sunjic, Melita H: <a href="https://www.picus.at/produkt/die-von-europa-traeumen/" target="_blank" rel="noopener">Die von Europa träumen. Wie Flucht und Migration ablaufen.</a> Picus Verlag, Wien 2021</li>
<li>Jad Turjman: <a href="https://www.residenzverlag.com/buch/wenn-der-jasmin-auswandert?_translation=de" target="_blank" rel="noopener">Wenn der Jasmin auswandert</a>. Residenz Verlag, Salzburg 2018</li>
</ul>
<p class="western"><span lang="de-DE">Die Lektüre des Essays ist keine Voraussetzung &#8211; jedoch sinnvoll für das anschließende Gespräch. Sollte diese Präsenzveranstaltung Ende März 2022 aufgrund der Corona-Pandemie nicht möglich sein, informieren wir Sie selbstverständlich rechtzeitig über alle Änderungen<br />
</span></p>
<p>Wir bitten um Ihre Anmeldung, entweder per Mail (<a href="mailto:office@ifz-salzburg.at">office@ifz-salzburg.at</a>) oder per Telefon: 0680/5012166. Die Teilnehmer*innenzahl ist beschränkt.</p>
<p>Wir freuen uns auf einen inspirierenden Austausch.</p>

<p>Im aktuellen ifz-Essay „Migration und Flucht: Mit Empathie und Vernunft zur Lösung einer Menschheitsaufgabe“ fragen wir nach den Möglichkeiten, Flucht- und Migrationsbewegungen besser zu lenken, ohne Grenzen völlig ungeschützt zu lassen.</p>
